 6) in base 4?
-103
-50 (base 7) to base 3
-1022
Convert 2 (base 15) to base 8.
2
What is 211 (base 3) in base 2?
10110
What is 12 (base 4) in base 3?
20
What is 513 (base 7) in base 16?
ff
-2f (base 16) to base 4
-233
Convert 10 (base 14) to base 9.
15
-1 (base 16) to base 12
-1
5 (base 8) to base 10
5
Convert -231 (base 7) to base 3.
-11110
What is -13 (base 9) in base 14?
-c
Convert -3 (base 8) to base 14.
-3
What is -10110 (base 2) in base 12?
-1a
What is -12 (base 9) in base 15?
-b
-1110 (base 3) to base 2
-100111
Convert -101 (base 2) to base 8.
-5
437 (base 8) to base 7
560
What is 4 (base 6) in base 9?
4
Convert -12 (base 5) to base 7.
-10
What is 10100 (base 3) in base 10?
90
Convert 44 (base 11) to base 10.
48
Convert -11001 (base 2) to base 4.
-121
Convert -12 (base 7) to base 2.
-1001
Convert -2013 (base 4) to base 7.
-252
What is 4 (base 7) in base 14?
4
-1 (base 2) to base 4
-1
What is 14 (base 15) in base 11?
18
-101 (base 4) to base 6
-25
Convert 11 (base 4) to base 2.
101
What is 98 (base 15) in base 3?
12022
What is 120 (base 14) in base 10?
224
What is -14 (base 16) in base 13?
-17
0 (base 9) to base 7
0
Convert -56 (base 13) to base 10.
-71
Convert -43 (base 13) to base 12.
-47
What is 1010001 (base 2) in base 14?
5b
-30 (base 11) to base 4
-201
17 (base 14) to base 8
25
Convert 3 (base 14) to base 6.
3
What is -10100 (base 2) in base 10?
-20
110 (base 12) to base 2
10011100
What is 5 (base 6) in base 8?
5
What is 31 (base 10) in base 3?
1011
7 (base 11) to base 16
7
Convert -4 (base 8) to base 13.
-4
What is 2021 (base 3) in base 7?
115
24 (base 14) to base 3
1012
What is 86 (base 11) in base 9?
114
2 (base 11) to base 5
2
What is 1 (base 8) in base 16?
1
What is -42 (base 11) in base 9?
-51
173 (base 14) to base 16
129
What is -1 (base 10) in base 2?
-1
What is 101 (base 2) in base 6?
5
-4 (base 6) to base 8
-4
-107 (base 9) to base 2
-1011000
Convert -24 (base 5) to base 14.
-10
Convert -110 (base 2) to base 9.
-6
8 (base 10) to base 13
8
10 (base 3) to base 8
3
Convert 203 (base 4) to base 6.
55
What is -3 (base 4) in base 13?
-3
What is 100 (base 2) in base 5?
4
What is -1104 (base 6) in base 14?
-144
Convert -2 (base 14) to base 7.
-2
-6 (base 13) to base 11
-6
Convert -3 (base 8) to base 9.
-3
20 (base 11) to base 16
16
What is 6 (base 10) in base 3?
20
What is -1102 (base 3) in base 15?
-28
What is 0 (base 9) in base 13?
0
What is 6 (base 7) in base 9?
6
-20 (base 14) to base 5
-103
What is -10112 (base 3) in base 15?
-65
What is -1 (base 2) in base 6?
-1
What is 352 (base 7) in base 5?
1214
Convert 3 (base 11) to base 10.
3
10001011 (base 2) to base 6
351
Convert -31 (base 16) to base 5.
-144
Convert -302 (base 4) to base 9.
-55
2 (base 9) to base 6
2
What is -1202 (base 4) in base 16?
-62
What is 111 (base 5) in base 6?
51
-100100 (base 2) to base 8
-44
1 (base 13) to base 6
1
2 (base 4) to base 13
2
-25 (base 13) to base 12
-27
Convert -b5 (base 13) to base 15.
-9d
Convert 530 (base 7) to base 10.
266
10 (base 7) to base 10
7
What is 20121 (base 3) in base 16?
b2
Convert 21 (base 6) to base 4.
31
-1 (base 13) to base 15
-1
Convert -21 (base 4) to base 8.
-11
Convert -53 (base 13) to base 16.
-44
Convert -2 (base 11) to base 5.
-2
What is 3 (base 8) in base 9?
3
What is -63 (base 8) in base 2?
-110011
23 (base 11) to base 13
1c
5 (base 14) to base 8
5
-68 (base 9) to base 11
-57
Convert -81 (base 12) to base 15.
-67
4 (base 10) to base 2
100
-1b (base 13) to base 14
-1a
What is -10 (base 3) in base 4?
-3
Convert -3 (base 12) to base 13.
-3
What is -31 (base 13) in base 12?
-34
14 (base 5) to base 3
100
Convert -33 (base 14) to base 6.
-113
10 (base 4) to base 16
4
Convert -4 (base 13) to base 6.
-4
3 (base 5) to base 15
3
Convert -84 (base 12) to base 2.
-1100100
What is -3 (base 4) in base 9?
-3
What is -10 (base 7) in base 8?
-7
Convert -24 (base 5) to base 8.
-16
What is 434 (base 7) in base 9?
265
5 (base 14) to base 2
101
Convert 2030 (base 4) to base 10.
140
What is -2 (base 16) in base 7?
-2
What is -2 (base 13) in base 5?
-2
Convert -150 (base 8) to base 2.
-1101000
-1a (base 12) to base 4
-112
0 (base 13) to base 7
0
Convert -81 (base 15) to base 6.
-321
Convert -31 (base 16) to base 10.
-49
What is -174 (base 14) in base 5?
-2143
What is -21 (base 4) in base 3?
-100
What is 2 (base 7) in base 4?
2
10 (base 10) to base 14
a
Convert 0 (base 8) to base 10.
0
What is -5c (base 15) in base 11?
-7a
Convert e0 (base 15) to base 10.
210
Convert -2 (base 11) to base 2.
-10
Convert -11 (base 16) to base 12.
-15
18 (base 14) to base 6
34
What is 32 (base 10) in base 6?
52
Convert -12 (base 12) to base 13.
-11
Convert -9 (base 11) to base 14.
-9
-6 (base 8) to base 12
-6
What is -3110 (base 5) in base 12?
-299
3 (base 15) to base 2
11
What is -26 (base 7) in base 4?
-110
-1 (base 2) to base 4
-1
What is -10 (base 8) in base 7?
-11
-11 (base 7) to base 11
-8
What is 30 (base 11) in base 5?
113
What is -25 (base 9) in base 8?
-27
Convert -114 (base 6) to base 14.
-34
-22212 (base 3) to base 16
-ef
10 (base 4) to base 16
4
Convert 14 (base 5) to base 13.
9
4 (base 10) to base 13
4
What is -12 (base 4) in base 15?
-6
Convert 207 (base 9) to base 15.
b4
27 (base 15) to base 8
45
Convert 17 (base 16) to base 11.
21
Convert -10000 (base 3) to base 10.
-81
Convert -2f (base 16) to base 5.
-142
20 (base 12) to base 2
11000
Convert 28 (base 16) to base 3.
1111
Convert -33 (base 5) to base 11.
-17
Convert 221 (base 4) to base 12.
35
What is 6 (base 15) in base 3?
20
-2 (base 9) to base 5
-2
Convert 12 (base 14) to base 7.
22
3 (base 16) to base 10
3
What is -14 (base 9) in base 12?
-11
Convert 0 (base 5) to base 2.
0
3 (base 4) to base 14
3
What is 10 (base 4) in base 7?
4
-43 (base 11) to base 15
-32
-13 (base 4) to base 14
-7
-42 (base 8) to base 16
-22
Convert -1 (base 10) to base 4.
-1
What is 34 (base 9) in base 12?
27
-38 (base 11) to base 2
-101001
What is -a (base 13) in base 7?
-13
0 (base 10) to base 5
0
Convert -34 (base 5) to base 6.
-31
What is 33 (base 8) in base 3?
1000
Convert 71 (base 9) to base 12.
54
13 (base 11) to base 16
e
-5 (base 8) to base 11
-5
1100 (base 2) to base 5
22
6 (base 11) to base 13
6
What is 2 (base 6) in base 16?
2
-20 (base 15) to base 11
-28
Convert 1 (base 15) to base 8.
1
-1 (base 6) to base 12
-1
1111 (base 2) to base 14
11
3 (base 8) to base 3
10
What is -3 (base 8) in base 15?
-3
What is 7 (base 15) in base 3?
21
Convert 31 (base 15) to base 2.
101110
Convert -10 (base 4) to base 16.
-4
Convert f (base 16) to base 5.
30
0 (base 11) to base 2
0
Convert -8 (base 16) to base 14.
-8
What is -7 (base 9) in base 2?
-111
What is 3 (base 13) in base 3?
10
What is -1c (base 13) in base 8?
-31
30 (base 15) to base 12
39
12 (base 3) to base 11
5
Convert 20 (base 12) to base 6.
40
What is 100011 (base 2) in base 11?
32
Convert c4 (base 13) to base 5.
1120
-3 (base 13) to base 12
-3
Convert -2b (base 16) to base 4.
-223
2 (base 6) to base 2
10
-120 (base 3) to base 14
-11
What is -1 (base 10) in base 8?
-1
Convert -6 (base 11) to base 16.
-6
What is 1 (base 6) in base 5?
1
What is -1100 (base 3) in base 2?
-100100
111 (base 3) to base 11
12
-100 (base 3) to base 2
-1001
-1 (base 8) to base 9
-1
0 (base 6) to base 10
0
-4 (base 9) to base 16
-4
What is 75 (base 9) in base 12?
58
Convert c3 (base 15) to base 9.
223
-11 (base 4) to base 16
-5
Convert 0 (base 13) to base 16.
0
-7 (base 8) to base 7
-10
What is -2 (base 9) in base 4?
-2
Convert -bc (base 15) to base 16.
-b1
-15 (base 6) to base 14
-b
Convert -17 (base 13) to base 11.
-19
-3 (base 4) to base 6
-3
Convert 22 (base 10) to base 4.
112
What is -12 (base 6) in base 16?
-8
What is -363 (base 7) in base 5?
-1232
-200 (base 9) to base 16
-a2
-356 (base 8) to base 2
-11101110
16 (base 10) to base 3
121
What is 98 (base 10) in base 8?
142
10 (base 4) to base 7
4
98 (base 11) to base 13
83
4 (base 16) to base 14
4
What is 5 (base 10) in base 15?
5
135 (base 7) to base 4
1023
What is 3 (base 15) in base 16?
3
What is 42 (base 5) in base 4?
112
What is 1 (base 9) in base 14?
1
Convert -102 (base 11) to base 7.
-234
What is 10 (base 10) in base 9?
11
Convert -101212 (base 3) to base 5.
-2133
Convert 20 (base 8) to base 11.
15
What is -8 (base